 of z?
1
Let z be ((-245)/(-10) - -1)*128/6. Suppose -116*c + 117*c - z = 0. What is the tens digit of c?
4
Suppose -16*l = 4*t - 17*l - 1875, 0 = -3*t - 4*l + 1411. What is the tens digit of t?
6
Suppose 6*j - 31*j = -44525. What is the thousands digit of j?
1
Suppose l + 5*l - 30 = 0. Suppose -32 - 48 = -l*u. Suppose -3*f = -5*n - 112, -n + 108 = 2*f + u. What is the tens digit of f?
4
Suppose 47*l + 402 = 120. Let g be (-4 + 5)/(0 - -1). What is the units digit of (l/(-12))/(g/192)?
6
Let q = 1561 - -6819. What is the thousands digit of q?
8
Let i be -2 + (0 - -5) - 18. Let j be (-12 - i) + (-6)/(-2). Suppose j*y = 2*b + 3*y - 6, y + 12 = 4*b. What is the units digit of b?
3
What is the thousands digit of (1/3)/((-42)/(-367794))?
2
Suppose -3*n + g = -189, -2*n - 3*g + 120 = 5. What is the thousands digit of 1149/14*-4*(-217)/n?
1
Suppose -5*w - 8*w = -13. What is the tens digit of 46*((-11)/22)/(-1*w)?
2
Let r(m) = 6483*m + 14. Let c be r(1). Suppose 5*i - c = -2*h, -i - 3*h = -1538 + 236. What is the hundreds digit of i?
2
Let a be ((-114)/(-9))/((-2)/6). Let k = -392 - -479. Let f = k + a. What is the tens digit of f?
4
Suppose 4*s = 5*v + 26990, -v + 6084 + 7404 = 2*s. What is the tens digit of s?
4
Suppose 0 = 5*x - 2*h - 40, 5*x - 2*h = 3*h + 55. Let o be 8/(-6)*x/4. Let v(k) = -15*k - 8. What is the units digit of v(o)?
2
Let q(a) = 250*a + 40. Let w be q(-8). Let c = 2986 + w. What is the hundreds digit of c?
0
Let l = -22 + 3. Let i(q) be the third derivative of -q**5/60 - 17*q**4/24 + 13*q**3/2 + 2*q**2 - 8*q. What is the units digit of i(l)?
1
Suppose 0 = 62*n - 2*n - 183082 - 158018. What is the thousands digit of n?
5
Let j be (-10 + 8)/(3/(-6)). Let m be 624/10*30/j. Suppose 5*f - m + 8 = 0. What is the units digit of f?
2
Let l = 1753 - 516. Suppose -8*p - 5*a - 429 = -9*p, 3*p - l = 5*a. What is the hundreds digit of p?
4
Suppose 5*v = 5, -2*v - 43 = -o + 3*v. Suppose -13 + o = 7*a. Suppose a*p = h + 123, -2*h - 97 - 5 = -4*p. What is the tens digit of p?
2
Let o = -36 + 38. Let p(a) = 1 - 6*a - 3*a + 7 - o*a. What is the units digit of p(-5)?
3
Let q = 334 - 311. Suppose -33*l + 11890 = -q*l. What is the units digit of l?
9
Let r(f) be the third derivative of -1/24*f**4 + 0*f + 4*f**3 - 13*f**2 + 0 + 1/30*f**5. What is the units digit of r(0)?
4
Let k = 1969 + -1828. Suppose -199 = 3*t + 2*d - 44, 4*t - 4*d = -220. Let h = t + k. What is the units digit of h?
8
Let y = 50 - 39. Suppose -j + 96 = y*j. Suppose -j*q = -5*q - 69. What is the units digit of q?
3
Let m = 167 - 173. What is the units digit of -127*1*m/((-24)/(-4))?
7
Let y = 22 - 15. Let z(d) = 8*d + 4*d + 1 + 7*d + y*d. What is the tens digit of z(2)?
5
Let a = -3239 - -11803. What is the hundreds digit of a?
5
Suppose 5*l - 4*u - 145099 = 0, l - 6*l = 5*u - 145090. What is the thousands digit of l?
9
Let t(z) = -68*z + 1689. What is the thousands digit of t(-7)?
2
Let c(a) = -a**3 - 9*a**2 - 4*a - 17. Let y be c(-9). Let r = y - 4. Suppose -t - 2*t = -3*f - 33, -3*t + r = 3*f. What is the units digit of t?
8
Let s(k) = 4*k - 8. Let y be (5/(-70)*-7)/(2/8). Let g be s(y). Suppose g*z - 5*z = -645. What is the hundreds digit of z?
1
Let n = 54540 + -29750. What is the units digit of n?
0
Suppose 0 = -93*g + 41*g + 379532 + 349144. What is the ten thousands digit of g?
1
What is the ten thousands digit of -2 - (-11)/22*25546?
1
Let h(x) = 50*x**2 - 26*x + 5. What is the tens digit of h(2)?
5
Suppose 44*i - 41*i = 4*h + 15818, -5*i + 3*h + 26356 = 0. What is the thousands digit of i?
5
Suppose 2*p - d - 94 = 0, -62 - 175 = -5*p + 2*d. Let s = p - 49. Suppose s = 2*j - 3*b - 213 - 14, 2*j = -4*b + 220. What is the hundreds digit of j?
1
Let h be -5 + 0 - 25/(-5). Suppose -g + 8 = -m, -1 = -2*g - m - h*m. What is the tens digit of (-2)/g - (-2464)/96?
2
Let l(b) be the second derivative of -6*b + 6*b**2 - 1/2*b**3 + 0. What is the tens digit of l(-6)?
3
What is the units digit of (-99)/66*17*(-1886)/3?
1
Suppose 2*i = -46 + 354. Let y = i + -742. Let t = y + 837. What is the units digit of t?
9
Let l(b) = 32*b**2 - 10*b + 4. Let t(p) = p**2 - 14*p + 9. Let r be t(13). Let s be l(r). Suppose -3*o - s = -7*o. What is the units digit of o?
9
What is the units digit of 12767 + -44*3/12?
6
Let r = 40875 - 4017. What is the thousands digit of r?
6
Suppose -3*m + 22521 = -3*j, -2*j + 16828 = 2*m + 1830. What is the units digit of m?
3
Let p = 4255 - 1167. What is the thousands digit of p?
3
Let l(v) = 4*v**2 + 6*v + 1557. What is the units digit of l(-40)?
7
Let j = 26 - -6. Let w = j - 20. What is the units digit of w/84 - (-334)/14?
4
Suppose 0 = r + 3*c - 361, 3*r - 2*c - 1078 = -6*c. Let g = r + 470. What is the hundreds digit of g?
8
Suppose -5*x = -3*o - 3138, -1248 = 3*x - 5*x + 3*o. What is the units digit of ((-16)/(-5))/((-6)/(x*-2))?
2
Suppose 53315 = 10*g - 119895. What is the hundreds digit of g?
3
Suppose 421*p = 6738435 + 11935020. What is the thousands digit of p?
4
Let l be (42/(-9))/(12/90*-5). What is the units digit of (1858/l)/(-10*(-9)/315)?
9
Suppose 2 - 2 = 3*p. Let h be -3 - (p + -15 + 0). Let x(w) = 9*w - 18. What is the units digit of x(h)?
0
Let k(s) = -2*s + 79. Suppose 0 = -2*v + 25 - 19. Suppose -j + v*j = 5*f + 15, -2*f - 6 = 5*j. What is the units digit of k(j)?
9
Let g(a) = -78 - 15 - a**2 - 23*a - 9*a + 7*a. What is the units digit of g(-8)?
3
Let u be (-11 - -7) + -368 + 2. Let s be 15/(-35) + u/(-14). What is the tens digit of s - (-4 + (-10)/(-5))?
2
Let f = -2397 + 1633. Let l = 1570 + f. What is the hundreds digit of l?
8
Let o = -37 - -38. Suppose -5 - o = -2*i. Suppose -4*p = -u - 2*p + 65, -i*p = -u + 67. What is the tens digit of u?
6
Suppose -1114*d + 29342976 = -698*d. What is the tens digit of d?
3
Suppose -27*h + 44253 + 255069 = 0. What is the tens digit of h?
8
Suppose -2*p = -3*p - 2*r + 626, -3*r + 2519 = 4*p. Let z = p + -26. What is the tens digit of z?
0
Let d(n) = 7 - 59 - 29 + 779*n - 717*n. What is the tens digit of d(12)?
6
Suppose -96*i + 942088 = -40*i. What is the thousands digit of i?
6
Suppose 0 = -t + 1, -5*t + 0*t + 20 = 3*y. Suppose h = 5*p - 1215, 0 = -y*p - 2*h - 74 + 1274. What is the hundreds digit of p?
2
Suppose -4*t - 48 = -2*q - 12, 2*q = -2*t + 18. Let a(g) = 2*g**3 - 15*g**2 - 23*g + 13. What is the units digit of a(q)?
3
Suppose -5*w - j - j + 22665 = 0, -18135 = -4*w - j. Suppose -4*v = 3*k - w, -v + 2275 = v - k. What is the thousands digit of v?
1
Suppose -5*s - 4*h = -2*h - 11946, -4*s = -3*h - 9543. Suppose 4*w - s = -4*q, 0 = q + q + w - 1194. What is the hundreds digit of q?
5
Let x = 45 + -58. Let k(j) = -4*j**2 - 20*j + 2*j**2 - 23 + j**2. What is the units digit of k(x)?
8
Let j = -17403 - -35535. What is the tens digit of j?
3
Let d be (-33)/(-6) - 3/2. Suppose g = 2*p + 12, -3*p - 52 = -d*g + 11. Let b = g + 3. What is the units digit of b?
1
What is the hundreds digit of 14/7 + (-4)/(-10) + 379017/45?
4
What is the thousands digit of 2*(-78)/12 - -20935?
0
Let f = -9941 - -19770. What is the units digit of f?
9
Let d = 9014 + -8745. Suppose 5*u - 33 = -5*a + 492, 0 = -a + 4*u + 120. Let s = d - a. What is the tens digit of s?
6
Let h(f) = 37*f + 10*f - 2*f. Let k(l) = 2*l - 4. Let a be k(3). What is the units digit of h(a)?
0
What is the units digit of (13 - 10 - 720)*-11?
7
Suppose -y - 5*p + 11022 = 0, -15369 = -y + 5*p - 4337. What is the tens digit of y?
2
Suppose 5*p = 25, 4*p + 2 = q + 5*p. What is the hundreds digit of (1 + q)/(((-24)/(-1359))/(-4))?
4
Let m be ((-2)/5)/((-3887)/(-780) + -5). Suppose -2445 + 13653 = m*w. What is the hundreds digit of w?
4
What is the ten thousands digit of 1567107/(-54)*(-8)/12?
1
Let f(l) = 1741*l + 1840. What is the ten thousands digit of f(10)?
1
Let l be (-150)/(-120) + (-14)/(-8). Suppose 4*f + 14*a - 10*a - 2920 = 0, a = l. What is the tens digit of f?
2
Suppose -5*c - 2*w = -116207, -c + 25423 = w + 2181. Suppose c = 28*k - 26403. What is the hundreds digit of k?
7
Let d(o) = -69*o + 870. What is the tens digit of d(2)?
3
Let p = 105398 + -67625. What is the tens digit of p?
7
Let l(a) = -a**3 - 25*a**2 - 9*a - 35. Let k be l(-26). Suppose -3*c + k = -241. What is the tens digit of c?
7
Let t = 9478 + -6613. What is the hundreds digi